 12 - -101212112212020211?
101212112212021000
In base 2, what is 11110 - -10100101010100100110?
10100101010101000100
In base 12, what is 5 - 365168b?
-3651686
In base 14, what is 863 + -3403?
-2980
In base 10, what is 1 + 193309?
193310
In base 7, what is -35 + 234443031?
234442663
In base 13, what is 0 + 146519?
146519
In base 12, what is -202249a - -26?
-2022474
In base 3, what is -11201000120211 + 1210?
-11201000112001
In base 8, what is 0 + 207046322?
207046322
In base 7, what is -51125131 - 13?
-51125144
In base 10, what is 312781 + 205?
312986
In base 16, what is -eee + -881?
-176f
In base 5, what is 3302 - 1022001?
-1013144
In base 8, what is 41 - -255101?
255142
In base 6, what is 20452 + -3010002?
-2545110
In base 5, what is -1314 - 124303114?
-124304433
In base 11, what is 4 + -148a4868?
-148a4864
In base 15, what is -b1685b1 + -2?
-b1685b3
In base 2, what is -1111000000100100 + -1000?
-1111000000101100
In base 4, what is 211 - 130003212220?
-130003212003
In base 16, what is 4a9bc6 - d7?
4a9aef
In base 13, what is -354988 + 32?
-354956
In base 5, what is -11201123 + 3323?
-11142300
In base 8, what is -14010 - -302713?
266703
In base 4, what is 320303302 - -1213?
320311121
In base 7, what is 6445 - 215233?
-205455
In base 13, what is a5 + a9aa5b?
a9ab33
In base 7, what is 1 - 24365344?
-24365343
In base 9, what is 1445 - 38131?
-36575
In base 3, what is -121001121 - 222011001?
-1120012122
In base 16, what is 1bb + -17889?
-176ce
In base 7, what is 5124410 + -22?
5124355
In base 16, what is -37c0610 - -3?
-37c060d
In base 11, what is -87738 - 938?
-88575
In base 3, what is -2 - 111010211100022121?
-111010211100022200
In base 5, what is -20311242 - 140?
-20311432
In base 15, what is 2d217 + -748?
2c9be
In base 8, what is 0 - -2634042?
2634042
In base 15, what is -2 - -9d68c53?
9d68c51
In base 8, what is -14340036 - -56?
-14337760
In base 2, what is -101101010100010001 + 10001100?
-101101010010000101
In base 5, what is 0 + -243243430343?
-243243430343
In base 2, what is 1010011 + -11000101101010010010?
-11000101101000111111
In base 4, what is 1100333112 + 3?
1100333121
In base 6, what is 435351214000 + 3?
435351214003
In base 11, what is -2 - 4336951?
-4336953
In base 12, what is 111718 - -7?
111723
In base 10, what is 2 + 1909332?
1909334
In base 16, what is 1a3dba + 7?
1a3dc1
In base 11, what is 7 - -53480165?
53480171
In base 12, what is -68 - -4051503?
4051457
In base 11, what is 918103a + -1?
9181039
In base 15, what is -5b66e - -40?
-5b62e
In base 8, what is -3 - 230311457?
-230311462
In base 16, what is -81cc - bda?
-8da6
In base 5, what is 334 - 34202440?
-34202101
In base 8, what is -470 - 4412403?
-4413073
In base 16, what is 56c89a - 4?
56c896
In base 8, what is 120773623 + 6?
120773631
In base 14, what is c2390 - 4?
c238a
In base 6, what is -3001002 - 202?
-3001204
In base 6, what is 12150 - -2504?
15054
In base 9, what is 1 + -17271403?
-17271402
In base 4, what is -1221 - 31332102?
-31333323
In base 5, what is 212221301 + -13?
212221233
In base 11, what is a5 - 866?
-771
In base 13, what is 4a84c8 + a?
4a8505
In base 10, what is -2 - -163853161?
163853159
In base 10, what is 144888 + 37?
144925
In base 3, what is 2 - 21101211210112220?
-21101211210112211
In base 6, what is -241224245 - -13?
-241224232
In base 3, what is -1110012100 - -110212102?
-222022221
In base 9, what is 3063628 - 0?
3063628
In base 3, what is -112 - 11121211212020020?
-11121211212020202
In base 6, what is 341011 - 42?
340525
In base 15, what is 153be - -194?
15563
In base 15, what is 22 + -155b5?
-15593
In base 9, what is -4 - 2757378?
-2757383
In base 10, what is -19066425 - -4?
-19066421
In base 16, what is -6 - 3a0beb?
-3a0bf1
In base 3, what is 102022112001 + 110210?
102022222211
In base 12, what is -906a - a51?
-9abb
In base 2, what is -1011100000 - 1001010100010011?
-1001011111110011
In base 16, what is 3b8f - -4c2?
4051
In base 10, what is -385 + 1379601?
1379216
In base 13, what is -368a14b + 1?
-368a14a
In base 10, what is 158 - -49182?
49340
In base 15, what is -19 + -ad0e4?
-ad10d
In base 13, what is -284b1a5 + -15?
-284b1ba
In base 13, what is 57c27b02 + -4?
57c27acb
In base 14, what is 175 - -b6c60?
b6dd5
In base 4, what is -22 - 33100220223?
-33100220311
In base 15, what is 1cdb8 - -26a?
1d133
In base 2, what is -10010101110000000100100 - -10?
-10010101110000000100010
In base 11, what is a78777 - -2?
a78779
In base 7, what is 410 - -20620552?
20621262
In base 2, what is 1000110101110100110101 + -110?
1000110101110100101111
In base 10, what is -326 + 9011?
8685
In base 16, what is 214441e + -4?
214441a
In base 11, what is 9491 - 91?
9400
In base 3, what is 12 + 1000122020002101?
1000122020002120
In base 14, what is -89a80 + -38?
-89ab8
In base 2, what is 1010000001100110111101000110 - 0?
1010000001100110111101000110
In base 6, what is -22 + 24033300?
24033234
In base 15, what is -167 - 3321?
-3488
In base 4, what is 10 + 11231320000320?
11231320000330
In base 11, what is 5a - -881446?
8814a5
In base 5, what is -3101 + -1234010?
-1242111
In base 16, what is -23147 - 25?
-2316c
In base 2, what is -100101011110101000100 + 110?
-100101011110100111110
In base 6, what is 10413 - -421225?
432042
In base 12, what is 1 - -830705?
830706
In base 4, what is -32 - 3120003311?
-3120010003
In base 11, what is 2481 + -1079?
1403
In base 12, what is -24588151 + 7?
-24588146
In base 10, what is 91951 - -19?
91970
In base 12, what is -7813 + bb52?
433b
In base 15, what is 5eb61 - -70?
5ebd1
In base 7, what is -5 - 103344423?
-103344431
In base 13, what is 2a6 + 119ca7?
11a280
In base 12, what is 0 + -a95907?
-a95907
In base 15, what is 19 - -20c5d?
20c77
In base 14, what is 13a - 378a0?
-37764
In base 14, what is 3 - -ad9429?
ad942c
In base 4, what is -11111 + -112013112?
-112030223
In base 8, what is 13624 + 26133?
41757
In base 16, what is -1 - 7f9664a?
-7f9664b
In base 6, what is 11423 - 225041?
-213214
In base 10, what is 1084 + 6271?
7355
In base 15, what is -4 + 46124a9?
46124a5
In base 6, what is -20232 + -13235?
-33511
In base 5, what is 120 - 13413110421?
-13413110301
In base 9, what is 4 - 1284057?
-1284053
In base 8, what is 1340131 - 16?
1340113
In base 14, what is a98 - 21ac?
-1514
In base 2, what is -10111110000001010 + 1011011110?
-10111100100101100
In base 4, what is 101310131000 + 2031?
101310133031
In base 13, what is 1420a408 + 3?
1420a40b
In base 6, what is -10550 - 5131540?
-5142530
In base 6, what is -113 + -115322145?
-115322302
In base 14, what is -1d32a9 + 1d?
-1d328a
In base 3, what is 11012012202122 + 12?
11012012202211
In base 3, what is 2121 - -2221222211?
2222002102
In base 11, what is -2327470 - -25?
-2327446
In base 10, what is -196305264 - -3?
-196305261
In base 13, what is -b + -740456?
-740464
In base 12, what is 23 - 305a8b?
-305a68
In base 9, what is 10764858 - -16?
10764875
In base 4, what is -30311 + -1000100?
-1031011
In base 12, what is 329 + -222a7?
-21b7a
In base 6, what is 4414035254 + -5?
4414035245
In base 3, what is 11 - -1000112001111211?
1000112001111222
In base 15, what is 4b36c24 + 4?
4b36c28
In base 7, what is -5 + 500534?
500526
In base 14, what is -a9 - -3158b?
314c2
In base 8, what is -1551643 - -313?
-1551330
In base 13, what is 4 - 8105939?
-8105935
In base 15, what is -8cbc7 + -185?
-8cd5c
In base 11, what is 6503 - 19aa8?
-135a5
In base 6, what is 34540213441 + 1?
34540213442
In base 16, what is 3874 + -11a?
375a
In base 2, what is -110000010101111011001011 + -1?
-110000010101111011001100
In base 11, what is 20430 - 5970?
15570
In base 8, what is 726 + 5047061?
5050007
In base 13, what is -8 - 7409cc6?
-740a001
In base 12, what is -b3a72a + 1?
-b3a729
In base 2, what is -1 + 1011111110001011001111110?
1011111110001011001111101
In base 13, what is -1585c253 - 0?
-1585c253
In base 16, what is 14f638c + 0?
14f638c
In base 9, what is -7252 + -70?
-7332
In base 7, what is 2225410 + 50?
2225460
In base 2, what is -1000001 + -100100001110111110100?
-100100001111000110101
In base 5, what is 141000112211 + 10?
141000112221
In base 16, what is 1c + 311ab?
311c7
In base 10, what is 48 - -1269689?
1269737
In base 8, what is 335 - -307435?
307772
In base 10, what is -1 + -1953503?
-1953504
In base 9, what i